-7. Suppose 4*t - 36 = -2*x, 3*x - h - 90 = 3*t. Calculate the highest common divisor of x and 56.
28
Let x = -22 + 39. What is the greatest common factor of x and 68?
17
Suppose -4*m = -4*q + 24, -3*q - 4*m + m = 0. Suppose 0 = -q*r + 3*i, i - 14 = -5*r + 4. What is the greatest common factor of r and 1?
1
Let t = 159 + -96. Calculate the highest common factor of t and 7.
7
Let u(s) = s**3 - 5*s**2 - s - 2. Let b = -1 - -7. Let g be u(b). Suppose 5*y = 32 + g. What is the greatest common divisor of y and 12?
12
Let u(j) = j**3 - 7*j**2 + 2*j. Let f be u(7). Calculate the highest common divisor of f and 14.
14
Suppose -5*r + 3*r - 1304 = 2*n, -3*n = -4*r + 1991. Let b be n/(-6) - (-1)/2. What is the highest common divisor of b and 10?
10
Suppose 9 = f - 0*f. Suppose 0 = -3*m + 13 + 14. What is the highest common divisor of f and m?
9
Let a(f) = f**2 + 5*f - 4. Let h be a(-6). Let y be 48 - (h + -2)/2. What is the greatest common factor of 16 and y?
16
Let l(t) = -t**2 - 5*t + 6. Let n be l(-6). Suppose n*f - f + 5 = 0. Calculate the highest common divisor of f and 15.
5
Suppose 88 = -0*g + 2*g. Suppose 0 = 5*f - 5*a - 45, -a + 1 + 1 = 0. Calculate the highest common factor of g and f.
11
Let h = -13 + 25. Suppose -3*f = -n - 175 + 34, 4*n - 108 = -2*f. What is the greatest common factor of h and f?
12
Let z = 12 - 7. Calculate the highest common divisor of 5 and z.
5
Let q = 4 - 0. Let x be (-32)/(-1) - 8/q. Calculate the highest common factor of 20 and x.
10
Let u(f) = f**3 - 5*f**2 - 6*f - 4. Let g be u(6). Let w be (44/16)/(1/g). Let o be (w/(-1) - -1)*4. What is the highest common factor of o and 32?
16
Suppose 6*v - 30 - 6 = 0. Suppose 2*r - 4*b = -9*b + 88, 3*r - 174 = 3*b. Calculate the highest common divisor of r and v.
6
Let u(s) be the third derivative of -s**4/12 - s**2. Let t be u(-3). Suppose -2*v = -t*v + 28. What is the greatest common divisor of 21 and v?
7
Let j be (-4)/6 - (-115)/(-3). Let x = j - -79. What is the highest common factor of x and 60?
20
Let u be (0 - -5)*(15 - 14). What is the greatest common factor of u and 2?
1
Let x = 16 + -10. Let w(t) = 5*t**3 - 8*t**2 + 8. Let o be w(x). Let q be 2/(-11) - o/(-44). Calculate the greatest common divisor of 27 and q.
9
Suppose -4*t + 3 + 1 = 4*w, 0 = -3*t - w + 7. Calculate the greatest common factor of 6 and t.
3
Let r(w) = -w**3 - 8*w**2 + w + 11. Let n be r(-8). Suppose -n*i = -50 - 16. Calculate the highest common divisor of i and 2.
2
Let p be (-3)/2*(-110)/15. What is the highest common factor of p and 121?
11
Let a = -84 + 144. Calculate the highest common divisor of a and 24.
12
Let x(m) be the third derivative of m**5/10 + m**4/24 - m**3/6 - 6*m**2. Let z be x(1). What is the greatest common factor of 24 and z?
6
Let p(j) = j**3 + 3*j**2 + 3. Let c be p(-3). Suppose 0 = -c*d + 75 - 3. What is the greatest common factor of 36 and d?
12
Let u(k) = -k + 16. Let i be u(3). What is the greatest common divisor of i and 247?
13
Let x(r) = 8*r**2 + 4*r. Let o be x(-1). What is the greatest common factor of o and 12?
4
Let q(y) = 10*y**2 - y - 4. Let c(m) = 10*m**2 - m - 3. Let d(f) = 3*c(f) - 2*q(f). Let x be d(-1). What is the greatest common factor of x and 90?
10
Let m = 11 - 4. Suppose -3*p - 35 = 2*p. Let o = 14 + p. Calculate the greatest common divisor of m and o.
7
Let q(y) = -y**3 + 4*y**2 + 4*y + 8. Let o be q(6). Let h = o - -18. Let t = 51 + h. What is the greatest common factor of 261 and t?
29
Suppose 478 = 3*x + 199. Let t be 4/(-14) + x/7. What is the greatest common divisor of t and 26?
13
Let b = -10 + 19. Let l be 270*(-2 + 24/10). Suppose 5*s - 72 = l. What is the greatest common factor of s and b?
9
Let l be (8/(-6))/((-10)/(-120)). Let j = -15 - l. Calculate the highest common divisor of 3 and j.
1
Let m = 9 + -9. Let r be (136 - m) + 0/(-1). Calculate the highest common divisor of 17 and r.
17
Let d(j) = -j**3 - 9*j**2 - 10*j - 2. Let g be d(-8). Suppose 0*a = -3*a - 6. Let z be (1 - a)/(6/4). What is the highest common divisor of z and g?
2
Let s = 159 + -149. What is the greatest common divisor of 2 and s?
2
Let f(l) = l**3 + 11*l**2 + 4*l + 9. Let q be f(-9). Let h = -20 + q. What is the highest common divisor of 23 and h?
23
Let z = 37 - -38. Calculate the greatest common factor of 15 and z.
15
Suppose -l + 0*l = 0. Suppose l = 2*g - 2. Calculate the highest common divisor of g and 8.
1
Suppose -4*y + 1 + 7 = 0. Suppose 5 = y*t - 49. Let i be (-2008)/(-36) + 6/t. Calculate the greatest common factor of i and 7.
7
Suppose -s = 4*s + 25, 8 = 2*o + 4*s. Suppose 2*l + o = 2*p, l + 0 + 27 = 3*p. Calculate the highest common divisor of p and 80.
10
Suppose 0 = -5*t + 45 + 120. Calculate the greatest common factor of t and 11.
11
Suppose 0*p + 6 = -p. Let z(f) = -f**3 - 7*f**2 - 9*f - 5. Let w be z(p). Calculate the greatest common divisor of 91 and w.
13
Suppose -h = -5*z - 168, -z - z - 336 = -2*h. Calculate the greatest common factor of 21 and h.
21
Let x(y) = 5*y**2 + 89*y - 6. Let w be x(-18). Calculate the highest common factor of w and 12.
12
Let i be (24/10)/4 - 37/(-5). What is the highest common divisor of i and 12?
4
Let n = -60 + 172. What is the greatest common divisor of 16 and n?
16
Let i = 3 + 24. Calculate the greatest common factor of 135 and i.
27
Let f(c) = -8*c - 6. Let h be f(-12). What is the greatest common factor of h and 18?
18
Let k = -96 - -180. Suppose 100 = 4*a - k. What is the greatest common factor of 23 and a?
23
Let b(l) = 2*l**3 + l**2 - 7*l + 3. Let x be b(3). What is the highest common divisor of 18 and x?
9
Let p(i) = -i**2 + i + 16. Let u be p(0). What is the greatest common divisor of u and 32?
16
Let s be (1*1/(-3))/(25/(-225)). What is the highest common factor of 33 and s?
3
Suppose -3*x - 27 = -6*x. Let m be (-6)/(-9) + (-87)/x. Let g be (6/m + 1)*69. Calculate the greatest common divisor of 69 and g.
23
Let h be 3*8/36*-1*-189. What is the greatest common factor of 14 and h?
14
Let b = 4 - 1. Suppose -b*x = 2*x - 285. What is the greatest common divisor of x and 19?
19
Suppose 3*t = 2*p + 36, -13 = -2*t - 0*p + 5*p. What is the highest common divisor of 7 and t?
7
Suppose -96 = -n + 30. Calculate the highest common divisor of n and 28.
14
Let l be (-2)/(-10) - 595/(-25). Let u be (16/l)/(2/12). Calculate the highest common factor of u and 12.
4
Let l = 5 - 1. Suppose -22 - 18 = -l*r. What is the highest common factor of 30 and r?
10
Suppose -5*a = -4 + 9. Let o be a + 0/(-2) + 14. Suppose 2*n = -4*r + 572, 429 = 4*r - r + n. What is the greatest common divisor of o and r?
13
Let y = 66 + -40. Let w be -142 - 3/((-3)/2). Let f = 205 + w. What is the greatest common divisor of f and y?
13
Let x(k) = k**3 - 5*k**2 + 5*k - 3. Let c be x(4). Let i be 11 + c/((-2)/(-4)). Calculate the highest common divisor of 65 and i.
13
Let c(i) = i + 2. Let z be c(3). Suppose 53 = 2*s - k, 3*k - 2*k = z*s - 125. Let l be 1*17 + 0 - 1. What is the greatest common divisor of s and l?
8
Suppose 6*g - 5*g - 110 = 0. What is the greatest common divisor of g and 10?
10
Let t(r) = 42*r**3 - 3*r**2 + 3*r. Let z be t(1). What is the greatest common factor of 294 and z?
42
Let m = -12 - -35. Calculate the highest common divisor of 253 and m.
23
Let n be 5*4 + -1 + -1. What is the greatest common divisor of 162 and n?
18
Suppose -4*h + 15 = u, h = 4*u + 5 + 3. Suppose -h*q + 54 = -170. What is the greatest common divisor of q and 14?
14
Suppose -f - 4*j + 21 = 0, 5*f + 63 = -5*j + 213. Suppose f = 3*x + 12. Let w be 1*14*(-5)/(-2). What is the greatest common divisor of x and w?
7
Let f(i) = -13*i - 2. Suppose -2*m = 3*m + 10. Let u be f(m). Calculate the highest common divisor of u and 36.
12
Let d = 8 + -6. What is the greatest common divisor of 2 and d?
2
Let d be (-21)/14*(-34)/3. What is the greatest common factor of 102 and d?
17
Let y = 68 + 50. Suppose -5*b - 3*l = -6*l - 502, -b = -5*l - y. What is the highest common divisor of b and 14?
14
Let f be (-5 - -55) + 3 + -1. Suppose 3*q + 4*c - 25 = 0, -4*q = -0*q - 4*c - f. Let x = 84 - -26. What is the greatest common factor of q and x?
11
Suppose 3*d + 2*s - 78 = 0, 3*s = -5*d - s + 132. Suppose 0 = -3*u + d - 0. Let f = -502 + 550. What is the highest common factor of u and f